 l(3) composite?
True
Let p be 25/100 + 119/4. Is (298/3)/(p/765) prime?
False
Let u = -102734 + 250423. Is u prime?
True
Let q = -276 - -277. Is q/(49504/(-16504) - -3) composite?
False
Let s be 12/(-4) - 10/(-2). Let t = s + 3. Suppose -4*u = -u + 3, -t*u + 790 = 3*z. Is z a prime number?
False
Suppose -3*q + 4*g + 263 = 0, 0*q + 4*g = -2*q + 202. Let y = 474 - q. Is y prime?
False
Let i be (-13)/(104/1488) + -1 + 1. Let f = i + 571. Let u = f + 522. Is u composite?
False
Let h(i) = 33*i**3 + 77*i**2 - 52*i + 193. Is h(24) composite?
True
Is (-325)/(-26)*3558 + 8 a prime number?
True
Suppose 512283 + 497000 = 11*y. Is y a composite number?
False
Let n(f) = -36 - 27 + 31*f + 53 - 6. Suppose 3*m + 3 = 48. Is n(m) prime?
True
Let f(i) = -3206*i + 1644. Is f(-5) prime?
False
Is (326/12)/((-28)/(-168)) prime?
True
Let t(c) = -64*c - 524*c + 34*c + 19 - 146*c. Is t(-7) a composite number?
False
Let r be ((-34)/(-17))/((-1)/2). Let t be 0/(r/(-1) + -7). Suppose t = -5*b - k - k + 2509, 4*k = -5*b + 2513. Is b composite?
True
Let d(n) = n**3 + 5*n**2 - 5*n. Suppose 4 = s + 10. Let z be d(s). Is ((-191)/(-2) - 9/z)/1 composite?
False
Let y = 19 + -30. Let l(o) = -o - 9. Let i be l(y). Suppose 0*k - i*k = -662. Is k prime?
True
Suppose -2757079 = -32361*u + 32338*u. Is u prime?
False
Let c be (1 + 0 - 0)/1*-1663. Let j = -436 - c. Is j prime?
False
Is 13 - (-14 - 214424/1) composite?
False
Suppose 108*p - 56*p + 18786 = 58*p. Is p prime?
False
Suppose -16 - 24 = -5*j - 5*z, 4*j + 3*z = 28. Suppose -4*s - j*t + 37340 = 0, 8 = 2*t - 6*t. Is s composite?
False
Suppose -39782678 + 3130868 = -130*u. Is u composite?
True
Suppose -25*a - 105*a - 5871109 = -35003199. Is a composite?
True
Let a(v) = 6*v**3 - 4 - 16 + 4 - 7*v**2 + 10*v - 3*v**3. Let n be a(7). Suppose n = 2*h + 2*h. Is h prime?
False
Let w be (-24)/18*-3 - -2. Is 2854 - (21/7 - w) prime?
True
Let o(j) = 178280*j**2 + j. Let w be o(-1). Suppose -w = -3*g - 14*g. Is g composite?
False
Let v = -55782 + 180119. Is v a composite number?
False
Let h(p) = 88447*p + 738. Is h(7) composite?
False
Let o(r) = 15324*r - 167. Is o(4) a prime number?
True
Let d = 587207 + -376890. Is d a composite number?
False
Let m(n) be the first derivative of 158*n**4 - 2*n**3/3 + 3*n**2/2 - 2*n + 99. Let x = -3 + 4. Is m(x) composite?
False
Suppose 2432 = 208*r - 212*r. Let f = r - -1291. Is f a prime number?
True
Is (-262434)/(-2) + -1*(16 + -12) composite?
False
Let s(k) = -k**3 + 4*k**2 + 60*k + 437. Is s(-40) prime?
True
Let z(c) = -580*c - 478*c - 908*c + 563*c - 4. Let u be 1/(1/(-1) + 0). Is z(u) a composite number?
False
Suppose 34*v - 6900 = 2141 + 4661. Is v a prime number?
False
Suppose 4*o = -9*x + 13*x + 3628100, 0 = 5*o - 3*x - 4535137. Is o a composite number?
False
Suppose y = 2254 - 248. Suppose 427*o + y = 429*o. Is o a composite number?
True
Let g(v) = 5*v + 16. Let o be g(8). Let u = -51 + o. Suppose -3*h - 1445 = -u*y - 4066, 2*h = 4*y + 1746. Is h a prime number?
True
Let d(g) = 5*g**2 + 2*g - 14. Let l be d(-29). Suppose 3*y = -5*t + 16646 + 4043, -t - 3*y = -l. Is t a composite number?
False
Let f(h) = -9103*h + 1009. Is f(-4) composite?
True
Let c be (-1)/((-4)/(-24)*-2). Suppose -2*k + p + 6179 = 0, -778 - 8493 = -c*k + 4*p. Is k composite?
False
Suppose 3*j = -3*r + 378, 0*j + 4*r = 2*j - 234. Is j/(-2)*(-5)/((-15)/(-298)) prime?
False
Suppose 2*w = 10*w - 24. Suppose 388 = b - 3*c, -3*b + b = -w*c - 767. Is b a composite number?
False
Suppose -l - 4*h = l - 14036, 0 = 4*h. Is (-1 + l/(-8))/(38/(-152)) a prime number?
False
Let a = -27352 + 42611. Is a a prime number?
True
Is ((-14)/(-21))/(6/(-7170597)*-7) composite?
False
Let h = 128415 - 76072. Suppose -12*c + h + 5605 = 0. Is c a composite number?
True
Suppose u - 3*l - 496 = 1007, 0 = -2*u - 3*l + 3006. Suppose -n - 6 + 9 = 0, 2*n = -3*b + u. Is b composite?
False
Let n(w) = 94*w**2 - 4*w + 5. Let k(u) = -5*u - 8. Let l(i) = -i**2 - 6*i - 7. Let d be l(-5). Let p be k(d). Is n(p) a prime number?
True
Let q(l) = 0 - 76*l - 102*l - 18 + 3. Let v be q(-21). Let a = v + -1782. Is a prime?
False
Let c = -8 + 19. Let p = c + -2. Suppose -6232 = s - p*s. Is s a prime number?
False
Suppose -17*y = 33650 - 93320. Is 3 + y + -5 + 3 a prime number?
True
Let d(p) = 5747*p**2 - 73*p - 1227. Is d(-17) composite?
True
Let k(g) = -6*g - 14. Let c be (-15)/9 + (-4)/3. Let i be k(c). Suppose 8*b - 2013 = -3*h + i*b, 0 = 2*h - 4*b - 1342. Is h prime?
False
Let x(t) = 624100*t - 4117. Is x(2) a composite number?
False
Let a(o) = -145*o**3 + 10*o**2 - 19*o + 24. Let k be a(-9). Suppose 11*p - k - 76517 = 0. Is p a prime number?
True
Let b be (-9017 - (11 - 3)) + 0. Let a = 13014 + b. Is a composite?
False
Let n(g) = 8*g**2 + 2*g + 19. Let r(v) = v. Let d(o) = n(o) + 2*r(o). Let w = -761 - -769. Is d(w) composite?
False
Let h(u) = u**2 + 13*u - 13. Let c = -260 - -242. Is h(c) composite?
True
Suppose 9 = -3*u, 4*w + 30850 = -u - 16997. Let c = -2450 - w. Is c composite?
False
Is ((-248639)/(-4))/(520/32 + -16) a composite number?
False
Let a = -6 + 44. Suppose 0 = 4*h - 58 + a. Is h + (-96)/2*-36 a prime number?
True
Suppose -178*a = -185*a - 11977. Let z = a - -5994. Is z a prime number?
True
Let y(p) = 39677*p**2 - 4*p + 3. Let c be y(1). Is c/16 + (-6)/8 a prime number?
False
Let h(r) = -87*r**3 + 2*r**2 + 23*r + 93. Is h(-5) composite?
False
Let z(d) = 17*d**2 - 42*d + 18. Let i(u) = -u**2 + 3*u - 3. Let f be i(4). Let o(c) = c - 6. Let k be o(f). Is z(k) prime?
False
Let b(o) = 4*o + 20. Let i be (-2 - (-8)/(-6))*120/(-50). Let f be b(i). Let d = 179 - f. Is d a composite number?
False
Let s = -11524 - -17080. Suppose 0 = -3*r + 3*x + s, -4*r - 3*x + 0*x = -7373. Is r a composite number?
False
Let i = 219 + -155. Let v = 63 - i. Is v/(-8) - 362310/(-80) composite?
True
Suppose 0*z = -5*z + 100230. Suppose 9*p - z - 19275 = 0. Is p composite?
True
Is ((-3106266)/(-6))/((-18 - -18) + 1/1) a prime number?
True
Let h(i) = -5*i**3 - 2*i**2 - 2*i. Let u be h(-1). Suppose -5*y - 25245 = -u*q, q + 6*y - 9*y = 5045. Is q composite?
False
Let b = -30 + 34. Suppose -536 - 668 = -b*h. Suppose 0 = 4*j + 3*m - 796 - 393, 3*m = j - h. Is j a prime number?
False
Suppose 8192 = -d - 5*z, -d - 4*z + 40902 = -6*d. Let h = -3824 - d. Is h prime?
False
Suppose x + 5*s = 4363, -x = s - 3630 - 757. Is x a prime number?
False
Suppose 2*c - 28 = -5*c. Suppose -4*h + 3*o - 2*o + 628 = 0, 628 = c*h - 2*o. Is h prime?
True
Let a(d) = -9*d - 24. Let c be a(-3). Suppose -c*i + 255 = -z, 0*i - 3*i = z - 255. Is i a prime number?
False
Suppose 51 = 5*l - 24. Suppose -n = 13*b - l*b - 5075, 20265 = 4*n - b. Is n a prime number?
False
Suppose l + 3*k + 5 = 0, 2*l + 5*k - 5 = 4*k. Suppose -14*r = l*r - 86094. Is r composite?
False
Suppose 8*z - 38*u + 43*u - 3043256 = 0, z = -4*u + 380407. Is z composite?
True
Suppose 111 = 5*y + 11. Let f be -1 - (-15)/y - (-18)/8. Suppose w + 4*t - 525 = f*t, -5 = 5*t. Is w a composite number?
True
Let l(m) = m**2 + 12*m + 8. Let y be l(-11). Let v be 5 - (4/(-2) - y). Suppose 3*k = -v*o + 5797, k + 2*k = 2*o + 5791. Is k prime?
True
Let n be 33/99 + 38/(-6). Is (-80804)/4*(2 - (-18)/n) composite?
False
Suppose 5*a = 2*o - 15 + 43, -4*o + 4 = 5*a. Let j = 969 + -965. Suppose 0 = j*n + 20, 2*n - a*n = -5*c + 1595. Is c composite?
False
Suppose 6*w = -3071 + 95. Let k = 945 + w. Is k prime?
True
Let n = 292 - 297. Let x(o) be the third derivative of -o**6/60 - o**5/10 + o**4/3 + 5*o**3/6 - o**2. Is x(n) a composite number?
True
Is (-368180)/2580*-1317 - (-10)/(-215) a composite number?
True
Let v(j) = -70070*j - 6023. Is v(-18) composite?
False
Let u(f) = -17 + 16 + 88*f**2 + 1689*f**2 + f + 782*f**2. Is u(1) a prime number?
False
Suppose v - 60 = 3. Let h(x) = 16*x + 5 - v*x + 14*x - 50*x. Is h(-4) prime?
True
Is 81*23/207*230829/27 a prime number?
True
Suppose -183470 + 764284 = 26*n. Is n a composite number?
True
Suppose 0 = 5*l + 5, -5*l = 3*i - 3*l - 71512. Suppose -3*r - 3602 - i = -4*p, p + 3*r = 6875. Is p a composite number?
False
Suppose 6*m - 3*m + 9 = -3*s, 0 = 5*s + m + 3. Let o = -659 - -3956. Suppose -6*z + 9*z - o = s. Is z composite?
True
Suppose 0 = -6*y + 16*y - 641070. Suppose -159397 + y = -10*f. Is f a composite number?
True
Supp